q + 2*q + 938. Let l = q - 64. Suppose -5*r - l*r + 1232 = 0. List the prime factors of r.
2, 7, 11
Suppose 2522 = 29*p - 755. Suppose -103*f = -p*f + 13710. What are the prime factors of f?
3, 457
Let i(k) = 36*k - 2. Let f be i(1). Suppose 0 = 8*c + 10 - f. What are the prime factors of (-31)/(-1) - (-1 + c)?
29
Suppose 0 = 3*v + 4*d - 1979, -2*v + 643*d = 638*d - 1350. What are the prime factors of v?
5, 7, 19
What are the prime factors of (7 + -8)/(10827/(-5409) + 2)?
601
Let y(r) = -r**3 - 70*r**2 - 171*r - 291. List the prime factors of y(-71).
7, 19, 127
Let n(u) = -2*u**3 - 5*u**2 + 6*u - 16. Let i = 22 - 6. Let v be 8/(-36)*3 + i/(-3). List the prime factors of n(v).
2, 5
Let g(l) = l**3 - 8*l**2 + 8*l - 4. Let w be g(7). Suppose 0*s - 3*d = w*s - 249, 75 = s - d. Let r = -46 + s. What are the prime factors of r?
3, 11
Let w be -2 + 1 - 6/6. Let n be w/13 - (7985/65 + -1). Let j = n + 226. List the prime factors of j.
2, 13
Let n = -142 - -149. Let o(p) = 50*p - 76. What are the prime factors of o(n)?
2, 137
Let k = 13 - 6. Let b(d) = d**3 - 454 + 902 - 15*d**2 + 10*d**2 - 13*d - 442. What are the prime factors of b(k)?
13
Let k = -1666 - -7802. List the prime factors of k.
2, 13, 59
Suppose -k - 13 = 4*d - 2, 3*k = -2*d - 3. Let b(l) = 520*l**2 - 9*l + 7. List the prime factors of b(k).
2, 7, 37
What are the prime factors of ((-78)/(-9))/((-6)/12)*7950/(-4)?
2, 5, 13, 53
Suppose 3*p = 3*d + 60, -74*d = -2*p - 78*d + 70. What are the prime factors of (60/p)/((-6)/(-660))?
2, 3, 11
Let u = -29 - 3. Let w = 7 - u. Let q = w - -71. List the prime factors of q.
2, 5, 11
Let s(m) = -m**3 + 11*m**2 - 14*m + 15. Suppose 0 = 6*q + 4*q - 30. Suppose -5*n + q = -32. What are the prime factors of s(n)?
113
Let d = 46 + -43. Suppose 5*x = q + 2*q + 15, d = x + 5*q. Suppose 207 = 4*j - 4*g + 9*g, -2*j + x*g + 131 = 0. List the prime factors of j.
2, 29
Suppose 0 = 3*u + 83 - 323. Let x = -75 + u. Suppose -3*n + 251 + 87 = 2*h, -572 = -x*n + h. List the prime factors of n.
2, 3, 19
Let v = 577 - -1087. Let n = v + -675. List the prime factors of n.
23, 43
Suppose -2049 = -34*a - 11739. Let d = 312 + a. What are the prime factors of d?
3
Let y = -2697 - -3961. Suppose 6*l = y + 1964. List the prime factors of l.
2, 269
Let t be 245/(-28) - (-2)/(-8). List the prime factors of (8 + -14)*201/t.
2, 67
Suppose 0*v + 5*v = -4*l + 46, l - 4 = 0. Let s(x) = 8*x**2 + 8*x - 48. Let c be s(7). Suppose -v*n + c = -62. What are the prime factors of n?
7, 11
Suppose 11*r = r - 90. Let m be 5/((-78)/(-38) + -2). Let g = m + r. List the prime factors of g.
2, 43
Let f = 419 + -429. What are the prime factors of 18139/44 - f/(-8)?
3, 137
Suppose 4*g + 40 = 8. Let v be (-2)/g - (-1666)/56. What are the prime factors of 4/(0 + 3/v)?
2, 5
Let u(w) = 28*w + 3. Let c be u(0). Let d(j) be the first derivative of 9*j**2 - 6*j - 1. What are the prime factors of d(c)?
2, 3
Let l be 2*-1 + -2 - 567/(-27). What are the prime factors of ((-175797)/(-36))/l - 1/4?
7, 41
Let s = 27 - 23. Suppose -2*q = s*q + 6. List the prime factors of -8*(-1)/((2/(-24))/q).
2, 3
Let b = 72 + -86. Let u = b - -6. Let v = 110 + u. List the prime factors of v.
2, 3, 17
Suppose 3*c - 62 = -4*k, -2*k + 52 - 30 = -3*c. What are the prime factors of ((-1724)/(-16))/(k/112)?
2, 431
Let l(f) = 2*f**2 + 1. Let n be l(1). Let r = -1246 - -1555. Suppose 0*s + n*s - r = 0. What are the prime factors of s?
103
Suppose -10*c = 4619 - 17829. Let j = -777 + c. List the prime factors of j.
2, 17
Let x = 2038 + 3358. List the prime factors of x.
2, 19, 71
Suppose -3*j + 4 = s, -3*s = -5*j + 4*j - 12. Suppose 3*w + s*w + 231 = 0. List the prime factors of 6/w + 818/22.
37
Let z be (0/(-10 + 5))/(1 + 0). Let a(k) = -9*k + 370. What are the prime factors of a(z)?
2, 5, 37
Let m = 69 - 47. Let g = 503 - m. Let s = g - 320. List the prime factors of s.
7, 23
Suppose -123*s = m - 126*s - 40861, -2*s = -3*m + 122639. List the prime factors of m.
5, 13, 17, 37
Suppose 20 = 4*l, -12*u - 5*l = -9*u - 37. Let s be ((-156)/130)/(u/2230). Let h = s + 956. List the prime factors of h.
7, 41
Let d = 66 - 60. Suppose -534 = -d*s - 0*s. Suppose 2*q = -3 + s. What are the prime factors of q?
43
Let b(a) = a**3 - 11*a**2 + 19*a - 54. Let v be b(10). List the prime factors of (-3)/2 - (-9198)/v.
2, 127
Let n(g) = g**2 + 13*g + 2. Let p be n(-15). What are the prime factors of p/(-144) + 3640/18?
2, 101
Suppose -7080*g + 7085*g = 11200. What are the prime factors of g?
2, 5, 7
Let k(a) = 974*a**2 - 2*a + 22. Let c be k(-6). Let n be c/(-182) - 2/13. Let o = n + 304. List the prime factors of o.
3, 37
Suppose -47215 + 248131 = 23*t - 180332. What are the prime factors of t?
2, 7, 37
Let i = 11762 + -6403. What are the prime factors of i?
23, 233
Let i be 0 - (-2 - (-2 - -2)). Suppose 5*p + 274 + 255 = n, 2*p = i. What are the prime factors of n?
2, 3, 89
List the prime factors of -2 + 18 - (-6791 + -64).
6871
Suppose -53*o + 6085 = -48*o. Suppose 0 = 5*l + 3*n + 1530, -4*l + 0*n = n + o. List the prime factors of (l/6)/((-4)/(-16)*-2).
101
Suppose 4*c + 18 = 13*c. Let b(g) = 3*g**2 - 3*g - 2. Let l be b(c). Suppose l*z - 172 = 2*h, -5*h + 99 = 3*z - 56. List the prime factors of z.
3, 5
Suppose -23 = -4*d - 3*t, -3*t - 7 = -5*d + 15. Suppose 5*f - 1670 = -4*w, -d*f + 2*w = -4*f - 334. Let u = f + -235. List the prime factors of u.
3, 11
Suppose -3*s = -6*s + 15, -p + 47657 = 4*s. List the prime factors of p.
3, 67, 79
Suppose 6*o + 2 = 8*o. Let r be 6/(-1 + 4) + (1 - o). Suppose 0 = -r*t - 2*t + 152. What are the prime factors of t?
2, 19
Let j be ((-24)/(-14))/((-65)/(-91) + -1). List the prime factors of -13*(-56)/((-48)/j).
7, 13
Suppose 4*w = 12*k - 7*k + 10618, -3*w + 5*k = -7966. Suppose -17*f + w = -5*f. List the prime factors of f.
13, 17
Let i = 636 + -313. Let a = i + -1013. What are the prime factors of (a/(-40))/(6/32)?
2, 23
Let y = 38363 - 20544. Suppose 0 = -22*s + y - 6379. What are the prime factors of s?
2, 5, 13
Suppose -2*m + 4*u + 6428 = 0, -3*m - 22*u + 24*u = -9638. Suppose 0 = -14*d + 2080 + m. What are the prime factors of d?
2, 3, 7
What are the prime factors of 11/(143/326796) - (1265/(-143) - -9)?
2, 12569
Let q(s) = s**2 - 7*s + 19. Let v be q(7). Suppose 0 = -v*u - 7*u + 16692. List the prime factors of u.
2, 3, 107
Suppose 8*d - 13*d = -25. Suppose 6*t = d*f + 3*t - 4727, 4726 = 5*f - 4*t. What are the prime factors of f?
2, 11, 43
Let y = -619 - -1536. Let x = -598 + y. List the prime factors of x.
11, 29
Let l = 60387 + -34786. What are the prime factors of l?
25601
Let c be (-6)/12*22 - 2. What are the prime factors of 1 + (-3414)/(-4) - c/(-26)?
2, 7, 61
Suppose 0 = -10*n + 21848 + 38592. List the prime factors of n.
2, 1511
Suppose -2*x + 3*x + 5*q = -5, -4*q = 3*x - 40. Let h be 132/x - 4/(-10). Let c = h + 58. What are the prime factors of c?
5, 13
Let j(l) = 301*l**2 - 9*l + 555. What are the prime factors of j(11)?
36877
Suppose -152 - 46 = -22*t. Let h(g) = 2*g**3 - 2*g**2 - 50*g + 22. List the prime factors of h(t).
2, 7, 31
Let a(d) = d**3 - 7*d**2 + 25. Let t be a(6). Let g(w) = 9*w**2 + 14*w - 20. What are the prime factors of g(t)?
3, 5, 61
Suppose 2*n + 5*f - 747 = 915, 833 = n + 2*f. Let l = n + -330. Suppose -l = -4*m - 3*m. What are the prime factors of m?
73
Suppose 287 = -25*o + 12. Let n(l) = -l**3 - 5*l**2 - 4*l - 32. List the prime factors of n(o).
2, 3, 41
List the prime factors of ((-38670)/9)/(280/(-336)).
2, 1289
Let x = 871 - 688. Suppose -976 = -3*n - j + 917, 3144 = 5*n - 2*j. Suppose 3*p - n = 5*t - 73, -p + 3*t + x = 0. What are the prime factors of p?
3, 7
Let v be ((-4)/(-2))/((-38)/(-57)). Let h be v*((-1)/5 + (-565)/(-75)). Suppose 485 = 27*q - h*q. What are the prime factors of q?
97
Let f = 11 + -7. Suppose 19 = -7*n - 345. What are the prime factors of f + ((-2)/2 - n)?
5, 11
Suppose 2*s - 9 = -3*z - 2*z, 0 = -3*z + s + 1. Let k be (1/2)/(z/6). What are the prime factors of (k/(-4))/((-2)/184)?
3, 23
Let c(p) = -1948*p + 12. Let l be c(1). Let z = -1330 - l. List the prime factors of z.
2, 3, 101
Let v = 63 - 57. Let l be v/(-18) - (-8)/6. List the prime factors of (l - 2)/((-6)/738).
3, 41
What are the prime factors of (-11)/((-363)/849431) + 2/3?
25741
Supp